 0. Calculate y(6).
6
Let u(b) = -4*b**2 + 19*b + 6. Let f be u(5). Let o(k) = 8*k**2 - k + 2. What is o(f)?
9
Let u(f) be the third derivative of f**5/30 + f**4/8 + f**3/2 - 59*f**2 - 6. Give u(-1).
2
Let o(y) = 13*y**3 - 14*y**2 + 4*y - 27. Let a(h) = 21*h**3 - 22*h**2 + 6*h - 41. Let q(m) = -5*a(m) + 8*o(m). Calculate q(0).
-11
Let i(f) = 2*f**3 + 22*f**2 + f + 12. Let l be i(-11). Let h(o) be the third derivative of -o**5/60 + o**4/24 - o**3/6 + o**2. Give h(l).
-1
Let b = -10 + 11. Let w(l) = 4. Let y(z) = 16*z - 9. Let g(u) = -2*w(u) - y(u). Calculate g(b).
-15
Let k be (-4)/(-12)*(64/(-8) + 26). Let f(r) be the third derivative of 0*r + 5/12*r**4 + 1/6*r**3 - k*r**2 + 0. Determine f(-1).
-9
Suppose -12*r + 23 + 25 = 0. Let m(t) = -4 + 3*t - 2*t**2 + 0*t + 2*t. Determine m(r).
-16
Let d(k) be the first derivative of k**5/20 - k**4/3 - 7*k**3/6 + 3*k**2 - 8*k - 7. Let i(j) be the first derivative of d(j). Give i(5).
-4
Let k(l) = l**2 - 6*l - 2. Let a(p) = 6 + 0*p - 8*p**2 + p**3 + p - 5 - 3. Let z be a(8). Give k(z).
-2
Suppose 35*u = 42*u - 42. Let p(i) = -i**3 + 6*i**2 - 4*i + 3. What is p(u)?
-21
Let b be 1 + 33/11 + (1 - 2). Let s(i) = 2*i**3 + i**2 + 10*i - 19. Let u(z) = z**3 + z**2 + 5*z - 10. Let c(n) = 6*s(n) - 11*u(n). Calculate c(b).
-7
Let w(s) = s**2 + 6*s + 4. Let f(d) = -4 - 5 - 5*d + d**2 + 4 + 3. Let m be f(4). Give w(m).
4
Suppose -36 = -66*q + 48*q. Let o(t) = t**3 - t**2 - 2*t + 3. Determine o(q).
3
Suppose -3*w + q + 10 = 3*q, -4*w + 2 = -3*q. Let m(v) = -3*v**2 + 3*v - 1. What is m(w)?
-7
Let y(a) = 3*a - 13. Let m(z) = -3*z + 10. Let x(h) = 7*m(h) + 6*y(h). Determine x(-4).
4
Let a(b) = 1 + 4 - 6941*b + 6943*b. Give a(-10).
-15
Let k = -96 - -99. Let l(u) be the third derivative of -6*u**2 + 0 - 1/60*u**5 - 1/4*u**4 + 0*u**k + 0*u. What is l(-6)?
0
Let g(x) = -x - 14. Let q(j) = -2*j**3 + 4*j**2 + 3*j. Let c(w) = w**3 - 3*w**2 - 2*w. Let f(v) = 3*c(v) + 2*q(v). Let b be f(-1). What is g(b)?
-14
Suppose 0 = -5*p + 97 - 72. Let y(r) be the second derivative of 0 - p*r + 1/12*r**4 + 0*r**3 - 1/2*r**2. Determine y(3).
8
Let d(x) = x**2 + 2*x + 2. Let f = 852 + -852. Give d(f).
2
Let s = 9458 - 9455. Let m(t) = 5*t - 6*t**2 - 4 + 2*t**2 + 3*t**2. Give m(s).
2
Let g(n) = -2*n - 41. Let p(w) = 16*w + 254. Let u be p(-17). What is g(u)?
-5
Let s(t) = -t**3 - 4*t**2 - 2*t + 1. Let d(n) = n**2 - 2*n - 12. Let p be d(5). Suppose 8*b - p*b - 30 = 0. Suppose -2*k = -b*k - x - 8, 0 = 5*x. Give s(k).
-3
Let f(u) be the third derivative of -u**5/60 + u**4/24 + 15*u**3/2 - 9*u**2 - u. Calculate f(0).
45
Let i(c) = 48*c - 5 + 4 - 47*c. What is i(10)?
9
Let q(h) = -h**2 + 3*h - 3. Let o(v) be the third derivative of v**5/30 - 5*v**4/24 + 7*v**3/6 - 2*v**2. Let l(j) = 2*o(j) + 5*q(j). Give l(5).
-1
Let r(f) = -2*f**3 - 3*f**2 + 8*f - 5. Let u(a) = -a**3 - a**2 + 4*a - 2. Let q(s) = 3*r(s) - 5*u(s). Give q(-5).
0
Let g(u) be the second derivative of u**7/2520 - u**6/144 - 3*u**5/40 + 23*u**4/12 + 16*u. Let o(n) be the third derivative of g(n). What is o(7)?
5
Let h(q) = q - 6. Suppose -2*u - 3*s + 37 = -0*s, 3*u - 2*s = 23. Let a = u - 6. Calculate h(a).
-1
Suppose 22 = 4*s + 3*c, -2*s + s - 3*c = -10. Suppose d = -s*d. Suppose 4*n + 1 - 17 = d. Let u(f) = f**3 - 5*f**2 + 3*f. What is u(n)?
-4
Suppose 18*b = 15*b + 9. Suppose -17 = -b*m - 2. Let z(p) = -p**2 + 4 + m*p - 2*p**2 + 4*p**2. Determine z(-6).
10
Let m(p) = 3*p**2 - 7*p + 4. Let w(a) = a**2 - a - 1. Let z(o) = o**3 + 6*o**2 + 9*o + 1. Let h be z(-3). Let n(x) = h*m(x) - 4*w(x). What is n(-6)?
-10
Let a(t) be the second derivative of 0 + 9*t - 2/3*t**3 + 0*t**2. Suppose 0 = 2*n - 5 + 9. Calculate a(n).
8
Let w(o) = o + 3. Let k(i) be the second derivative of i**3/6 + i**2/2 + 11*i. Let t(g) = -2*k(g) + w(g). Determine t(5).
-4
Let v(p) = -7*p - 2. Let y be 0 + (4 - (-2 - -1)). Let x(k) = 3*k + 1. Let m(i) = y*x(i) + 2*v(i). What is m(-5)?
-4
Let x(c) = c**3 + 0 + 1 + 64*c**2 - 66*c**2 - 2*c. Let b(p) = 4*p - 8. Let i be b(4). Suppose 3*t = i*t - 10. Determine x(t).
-3
Let p(h) = -4*h + 2671*h**2 - 3 - 4*h - 2661*h**2 - h**3. Calculate p(9).
6
Let v(j) be the first derivative of -j**4/4 - 2*j**3 - j**2/2 - 7*j - 210. Determine v(-6).
-1
Let g(t) be the third derivative of -t**6/120 - t**5/10 - t**4/8 + t**3/6 + 1354*t**2. Suppose -v + 8 = -3*v. What is g(v)?
-19
Let s(k) = -k**2 + 5*k - 1. Let m be s(4). Let g be (m/9)/((-2)/(-18)). Let q(d) = g*d + 2 - 3 - 4*d + d**3. Give q(0).
-1
Let x(h) = 6*h - 8. Suppose 2*g = -4*f - f - 26, 4*f + 3*g + 18 = 0. Let y(s) = -7*s + 7. Let b(k) = f*x(k) - 5*y(k). Give b(10).
3
Let n(p) be the third derivative of 11*p**5/60 + p**4/12 + p**3/6 + 3*p**2 - 30*p. Determine n(-1).
10
Let a(t) = -t**2 + 5*t - 1 + 1. Let p be (0 - 1)/(2/(-62)). Suppose 4*i + 0*g - 3*g = 25, -5*g = -4*i + p. Give a(i).
4
Let t(k) = 11*k + 29. Let h(r) = -2*r - 2. Let b(w) = 6*h(w) + t(w). Calculate b(6).
11
Let n = -9 - -5. Let l(y) = -13 + 14*y + 13 + y**2 - 11*y. Calculate l(n).
4
Let a(u) = -4*u**2 - 4*u - 8. Let s(m) = m**2 + 1. Let l(i) = a(i) + 3*s(i). Suppose -3*p + 8 = -5*g, 5*p + 2*g + 13 + 15 = 0. Calculate l(p).
-5
Let b(p) = -p - 1. Let k(g) = -7*g - 10. Let s(f) = 18*b(f) - 2*k(f). Let w = 61 - 64. What is s(w)?
14
Let q(w) be the second derivative of w**4/12 - w**3/2 - 9*w**2/2 + 26*w - 1. Determine q(5).
1
Let k(m) = -99*m**2 - m**3 - 99*m**2 + 197*m**2 - 2*m. What is k(-2)?
8
Let w(l) = l**3 - 5*l**2 + l - 3. Let f be w(5). Let t(m) = 9*m**f - m**3 + 4 + 5*m - 4*m**2 + 0*m**3. Suppose 73*u - 74*u = -6. Calculate t(u).
-2
Let h(t) be the first derivative of t**4/4 - 5*t**3/3 + 5*t**2/2 - 3*t - 2. Suppose 3*l = 11 - 5. Suppose 2*r - 8 + l = 0. What is h(r)?
-6
Let m(q) = -q**2 + 5*q + 3. Let d(j) = j**3 + 5*j**2 - 23*j + 11. Let h = 94 - 102. Let k be d(h). Determine m(k).
9
Suppose -3*j - 18 = 3*x, x - 12*j + 11*j = -12. Let h(s) = -s - 6. Calculate h(x).
3
Suppose 46 = 17*j - 5. Let u(o) = o - 9. Give u(j).
-6
Let b(n) be the first derivative of n**3/3 + n + 245. Give b(-1).
2
Let x(h) = -h**2 - 8*h + 1. Let q be x(-8). Let m be -1 - 6/(1 + q). Let z(p) be the second derivative of p**3/6 - 3*p. Determine z(m).
-4
Let o(z) = -3*z + 6. Let n(b) = 5*b - 2 + 0 - 5 - b. Let h(w) = 4*n(w) + 5*o(w). Give h(-4).
-2
Let w(b) be the first derivative of -3*b**6/40 - b**5/30 + b**4/24 - 6*b**2 + 3*b + 32. Let m(f) be the second derivative of w(f). Calculate m(1).
-10
Let m(s) = 58*s**2 - 3*s - 2. Let q be m(-1). Let u(f) = -19*f - 58 + q - f. What is u(1)?
-19
Let x(u) = -2*u**2 + 2*u + 6*u**3 - 2*u**2 + 6*u**2 + 3 - 2. Let i(c) = -19*c**3 - 7*c**2 - 6*c - 3. Let d(s) = -2*i(s) - 7*x(s). Give d(-1).
5
Let f(i) = 13*i**2 - 12*i - 17. Let t = 1 - 3. Let k(a) = 3*a**2 - 3*a - 4. Let p(d) = t*f(d) + 9*k(d). Let y be p(4). Let b(q) = 7*q. Give b(y).
14
Let a(u) = u**2 + u. Let m(w) = 2*w**2 + 5*w. Let h(d) = 3*a(d) - m(d). Let j = -1109 + 1107. Calculate h(j).
8
Let m(q) be the third derivative of -q**7/840 + q**6/90 + q**5/60 + q**4/8 - 5*q**3/6 + q**2. Let f(v) be the first derivative of m(v). Determine f(4).
11
Let w(k) = -k**3 - 3*k**2 - k + 2. Let o be w(-3). Let m(f) = o*f + 0 + 1 + 3. Calculate m(-6).
-26
Let v(b) be the first derivative of b**2/2 - 5*b - 97. Calculate v(10).
5
Let v be 3/(60/(-35))*-4. Suppose -s - 14 = -4*n, -2 = 2*n + s - 6. Let d(a) = n - 11 - v*a + 6*a + a**3. Calculate d(0).
-8
Let i(f) = 2*f**3 - 3*f**2. Let w(p) = -4*p - 1. Let x be w(-1). Suppose -5*h + 2*l - 54 = 0, 0 = -h - 0*h - x*l - 4. Let o be (-4)/(-2 + h)*6. What is i(o)?
4
Suppose 11*o - 6*o = 10. Suppose -o*u + u - 4 = -p, 0 = 3*p - u - 12. Let x(w) = -4 + 1 + p*w - 5*w. What is x(-3)?
0
Let r = -42 - -49. Let y be (-5)/2 - 2/(-4). Let x be (r + -8)/(y/(-4)). Let g(m) = m**3 + 2*m**2 - 1. Determine g(x).
-1
Let y(c) = 6*c**2 - 26*c + 3. Let a(k) = -19*k**2 + 81*k - 9. Let l(b) = 2*a(b) + 7*y(b). What is l(5)?
3
Let i = 22 - 44. Let c = 6 + -8. Let m be (c/(-6))/(i/264). Let r(u) = -u**3 - 4*u**2 + 1. Give r(m).
1
Suppose 2*w = 7*w + 5. Let o(a) = 15*a**3 - 2*a**2 - 2*a - 1. Give o(w).
-16
Let z(u) = -9*u + 2. Let i be z(1). Let l(n) = n**3 + 8*n**2 + 10*n + 7. Determine l(i).
-14
Let x(w) be the first derivative of -3*w**2/2 + 5*w - 30. Calculate x(0).
5
Let f(y) = -y**2 